{"id":7,"date":"2015-03-31T18:25:24","date_gmt":"2015-03-31T16:25:24","guid":{"rendered":"http:\/\/www.mobilnisvetsro.cz\/home\/?page_id=7"},"modified":"2026-04-09T09:47:11","modified_gmt":"2026-04-09T07:47:11","slug":"provozni-doba","status":"publish","type":"page","link":"https:\/\/www.mobilnisvetsro.cz\/home\/","title":{"rendered":"Hlavn\u00ed"},"content":{"rendered":"\n<div class=\"wp-block-group\"><div class=\"wp-block-group__inner-container is-layout-constrained wp-block-group-is-layout-constrained\">\n<h2 class=\"wp-block-heading\"><strong>Provozn\u00ed doba Duben 2026:<\/strong><\/h2>\n\n\n\n<h2 class=\"wp-block-heading has-vivid-red-color has-text-color has-link-color wp-elements-67aade408242185d1dfd7cc35301e2b2\"><\/h2>\n\n\n\n<h3 class=\"wp-block-heading\"><strong>pond\u011bl\u00ed : od 9,00 do 16,00 hod<\/strong><\/h3>\n\n\n\n<h3 class=\"wp-block-heading\"><strong>\u00fater\u00fd : od 9,00 do 16,00 hod<\/strong><\/h3>\n\n\n\n<h3 class=\"wp-block-heading\"><strong>st\u0159eda : <strong>od 9,00 do 16,00 ho<\/strong><\/strong>d<\/h3>\n\n\n\n<h3 class=\"wp-block-heading\"><strong>\u010dtvrtek : <strong>od 9,00 do 16,00 ho<\/strong><\/strong>d<\/h3>\n\n\n\n<h3 class=\"wp-block-heading\"><strong>p\u00e1tek : <strong>od 9,00 do 12,00 hod<\/strong><\/strong><\/h3>\n\n\n\n<p class=\"wp-block-paragraph\">v\u00edkend<\/p>\n<\/div><\/div>\n","protected":false},"excerpt":{"rendered":"<p>Provozn\u00ed doba Duben 2026: pond\u011bl\u00ed : od 9,00 do 16,00 hod \u00fater\u00fd : od 9,00 do 16,00 hod st\u0159eda : od 9,00 do 16,00 hod \u010dtvrtek : od 9,00 do 16,00 hod p\u00e1tek : od 9,00 do 12,00 hod v\u00edkend<\/p>\n","protected":false},"author":1,"featured_media":0,"parent":0,"menu_order":0,"comment_status":"closed","ping_status":"closed","template":"","meta":{"_acf_changed":false,"_crdt_document":"{\"document\":\"AAAH79a89gTCA6kDCA6uBBK2B5IBkgMUDgMACgMCqAMUDgMACgMCqgMSBAIIAwAKAwIGAhaOAxIECgMAFooDEgQkAwAOJAIGAhICMgKaAgI2AggDAAQCPgKSAgIMAgoCDjKaAYgBAhICEgISAo4BAiQCIAMBDAIYChYCHgIUAgYCGgIkBAwCChQmAgYCNgImAgoCCAKEAQIqAhg4ugEABgIBAgoAShACAQIKAiwSwAFKALgBAQIKAkIBAEoAqAEBAgoCIBQOAwAMBtoBSgCEAgECCgIcFA4CDgbWAUoAgAIBAgoCHhIEAggDAAoDAgYC3gFKAIACAQIKAiASBAoDAMYBSgCoAQECCgIcEgQKBAIEAgwC2AFKALoBAQIKAkJKAB4BAgoCQkoAvgEBAgoCQkoApgEBAgoCQkoAgAIBAgoCQkoAggIBAgoCQkrcFZwXAQIKAEraF4oC+AGgA5ABNJgBTr4Q9EWqBAiCQfASTLQCPgIMCggaCIABDAISwjkIjgSSBAIMCggejj\/qOwwCFoo87hA8DgIGDhL4KC6cBAoCtAOwBYoDCIQBnAGsAagehgEqhAFMkEWMAk4A9jSqBAiCQfASqBLCDwIMCgiiAQwC8DgIjgSSBAIMCggeAKQDDAIWAJgsDgIGDuYoLpwECgK0A7AFigMIhAGcAawBmCCEAeUDKAMnAAQAJwAEAIEAhACBAIQAgQCEAIEAhAGBAIQAgQCEAYEAhACBAIQBgQCEAIEAhAGBAIQCgQCEAYEAhACBAIQBgQCEAYEAhACBAIQDgQCEAIEAhACBAIQAgQCEAIEAhACBAIQAgQCEAIEAhACBAIQAgQCEAYEAhACBAIQAgQCEAIEAhACBAIQBgQCEAIEAhACBAIQAgQCEAIEAhACBAIQAgQCEAIEAhACBAIQAgQCEAIEAhACBAIQAgQCEAIEAhACBAIQAgQCEAIEAhACBAIQAgQCEAIEAhACBAIQAgQCEAIEAhACBAIQAgQCEAIEAhACBAIQAgQCEAIEAJwAoBCcAKAEnAAcAKAMnACgBJwAHACgDJwEEAIQBKAAnAIcAKAMnAQQAKAInAIcAKAMnAQQAhAYoACcAhwAoAycBBACEBSgAJwCHACgDJwEEAIQNKAAnAIcAKAMnAQQAhAUoACcAhwAoAycBBACECSgAJwCHACgDJwEEACgAJwCHACgDJwEEACgAJwCHACgDJwEEACgAJwCHACgDJwEEACgAJwCHACgDJwEEACgAJwCHACgDJwEEACgAJwCHACgDJwEoACcAKAGoA8QAqADECKgAxASEAKgAxAKEAMQOqADEBIQAxAuEAcSTHN0Zc3RhdGV2ZXJzaW9uZG9jdW1lbnRkYXRlZG9jdW1lbnRzbHVnZG9jdW1lbnRzdGF0dXNkb2N1bWVudHRpdGxlSGxhdm7DrWRvY3VtZW50Y29udGVudDwhLS0gd3A6Z3JvdXAgeyJsYXlvdXQiOnsidHlwZSI6ImNvbnN0cmFpbmVkIn19IC0tPgo8ZGl2IGNsYXNzPSJ3cC1ibG9jay1ncm91cCI+PCEtLSB3cDpoZWFkaW5nIC0tPgo8aDIgY2xhc3M9IndwLWJsb2NrLWhlYWRpbmciPjxzdHJvbmc+UHJvdm96bsOtIGRvYmEgRHViZW4gMjAyNjo8L3N0cm9uZz48L2gyPgo8IS0tIC93cDpoZWFkaW5nIC0tPgoKPCEtLSB3cDpoZWFkaW5nIHsic3R5bGUiOnsiZWxlbWVudHMiOnsibGluayI6eyJjb2xvciI6eyJ0ZXh0IjoidmFyOnByZXNldHxjb2xvcnx2aXZpZC1yZWQifX19fSwidGV4dENvbG9yIjoidml2aWQtcmVkIn0gLS0+CjxoMiBjbGFzcz0id3AtYmxvY2staGVhZGluZyBoYXMtdml2aWQtcmVkLWNvbG9yIGhhcy10ZXh0LWNvbG9yIGhhcy1saW5rLWNvbG9yIj48L2gyPgo8IS0tIC93cDpoZWFkaW5nIC0tPgoKPCEtLSB3cDpoZWFkaW5nIHsibGV2ZWwiOjN9IC0tPgo8aDMgY2xhc3M9IndwLWJsb2NrLWhlYWRpbmciPjxzdHJvbmc+cG9uZMSbbMOtIDogb2QgOSwwIGRvIDEsMCBob2Q8L3N0cm9uZz48L2gzPgo8IS0tIC93cDpoZWFkaW5nIC0tPgoKPCEtLSB3cDpoZWFkaW5nIHsibGV2ZWwiOjN9IC0tPgo8aDMgY2xhc3M9IndwLWJsb2NrLWhlYWRpbmciPjxzdHJvbmc+w7p0ZXLDvSA6IG9kIDksMCBkbyAxLDAgaG9kPC9zdHJvbmc+PC9oMz4KPCEtLSAvd3A6aGVhZGluZyAtLT4KCjwhLS0gd3A6aGVhZGluZyB7ImxldmVsIjozfSAtLT4KPGgzIGNsYXNzPSJ3cC1ibG9jay1oZWFkaW5nIj48c3Ryb25nPnN0xZllZGEgOiBvZCA5LDAgZG8gMSwwIGhvPC9zdHJvbmc+PC9oMz4KPCEtLSAvd3A6aGVhZGluZyAtLT4KCjwhLS0gd3A6aGVhZGluZyB7ImxldmVsIjozfSAtLT4KPGgzIGNsYXNzPSJ3cC1ibG9jay1oZWFkaW5nIj48c3Ryb25nPsSNdHZydGVrIDogbm88L3N0cm9uZz48L2gzPgo8IS0tIC93cDpoZWFkaW5nIC0tPgoKPCEtLSB3cDpoZWFkaW5nIHsibGV2ZWwiOjN9IC0tPgo8aDMgY2xhc3M9IndwLWJsb2NrLWhlYWRpbmciPjxzdHJvbmc+cMOhdGVrIDogPHN0cm9uZz5kICBkbyAyMCBob2Q8c3Ryb25nPjwvc3Ryb25nPjwvaDM+CjwhLS0gL3dwOmhlYWRpbmcgLS0+Cgo8IS0tIHdwOnBhcmFnYXBoIC0tPgo8cD52a2Q8Lz4KPCEtLSAvd3A6cGFhZ3JwaCAtLT48L2Rpdj4KPCEtLSAvd3A6Z3JvdXAgLS0+ZG9jdW1lbnRleGNlcnB0ZG9jdW1lbnRhdXRob3Jkb2N1bWVudGZlYXR1cmVkX21lZGlhZG9jdW1lbnRjb21tZW50X3N0YXR1c2RvY3VtZW50cGluZ19zdGF0dXNkb2N1bWVudHRlbXBsYXRlZG9jdW1lbnRtZXRhX2FjZl9jaGFuZ2VkZm9vdG5vdGVzZG9jdW1lbnRibG9ja3NjbGllbnRJZGlzVmFsaWRvcmlnaW5hbENvbnRlbnRuYW1lYXR0cmlidXRlc3RhZ05hbWVsYXlvdXRpbm5lckJsb2Nrc2NsaWVudElkaXNWYWxpZG9yaWdpbmFsQ29udGVudG5hbWVhdHRyaWJ1dGVzY29udGVudDxzdHJvbmc+UHJvdm96bsOtIGRvYmEgQsWZZXplbiAvIER1YmVuIDIwMjY6PC9zdHJvbmc+bGV2ZWxpbm5lckJsb2Nrc2NsaWVudElkaXNWYWxpZG9yaWdpbmFsQ29udGVudG5hbWVhdHRyaWJ1dGVzY29udGVudDIuNC4yMDI2IGHFviA3LjQuMjAyNiB6YXbFmWVubyAtIHZlbGlrb25vY2VsZXZlbHN0eWxldGV4dENvbG9yaW5uZXJCbG9ja3NjbGllbnRJZGlzVmFsaWRvcmlnaW5hbENvbnRlbnRuYW1lYXR0cmlidXRlc2NvbnRlbnQ8c3Ryb25nPnBvbmTEm2zDrSAzMC4zLjIwMjYgOiBvZCA5LDMwIGRvIDE1LDMwIGhvZDwvc3Ryb25nPmxldmVsaW5uZXJCbG9ja3NjbGllbnRJZGlzVmFsaWRvcmlnaW5hbENvbnRlbnRuYW1lYXR0cmlidXRlc2NvbnRlbnQ8c3Ryb25nPsO6dGVyw70gMzEuMy4yMDI2IDogb2QgOSwzMCBkbyAxNSwzMCBob2Q8L3N0cm9uZz5sZXZlbGlubmVyQmxvY2tzY2xpZW50SWRpc1ZhbGlkb3JpZ2luYWxDb250ZW50bmFtZWF0dHJpYnV0ZXNjb250ZW50PHN0cm9uZz5zdMWZZWRhIDEuNC4yMDI2IDogb2QgOSwzMCBkbyAxNSwzMCBob2Q8L3N0cm9uZz5sZXZlbGlubmVyQmxvY2tzY2xpZW50SWRpc1ZhbGlkb3JpZ2luYWxDb250ZW50bmFtZWF0dHJpYnV0ZXNjb250ZW50PHN0cm9uZz7EjXR2cnRlayAyLjQuMjAyNiA6IHphdsWZZW5vPC9zdHJvbmc+bGV2ZWxpbm5lckJsb2Nrc2NsaWVudElkaXNWYWxpZG9yaWdpbmFsQ29udGVudG5hbWVhdHRyaWJ1dGVzY29udGVudDxzdHJvbmc+cMOhdGVrIDMuNC4yMDI2IDogdmVsaWtvbm9jZSB6YXbFmWVubzwvc3Ryb25nPmxldmVsaW5uZXJCbG9ja3NjbGllbnRJZGlzVmFsaWRvcmlnaW5hbENvbnRlbnRuYW1lYXR0cmlidXRlc2NvbnRlbnR2w61rZW5kZHJvcENhcGlubmVyQmxvY2tzY2xpZW50SWRpc1ZhbGlkb3JpZ2luYWxDb250ZW50bmFtZWF0dHJpYnV0ZXNjb250ZW50PHN0cm9uZz5wb25kxJtsw60gNi40LjIwMjYgOiB2ZWxpa29ub2NlIHphdsWZZW5vPC9zdHJvbmc+bGV2ZWxpbm5lckJsb2Nrc2NsaWVudElkaXNWYWxpZG9yaWdpbmFsQ29udGVudG5hbWVhdHRyaWJ1dGVzY29udGVudDxzdHJvbmc+w7p0ZXLDvSA3LjQuMjAyNiA6IHphdsWZZW5vIDwvc3Ryb25nPmxldmVsaW5uZXJCbG9ja3NjbGllbnRJZGlzVmFsaWRvcmlnaW5hbENvbnRlbnRuYW1lYXR0cmlidXRlc2NvbnRlbnQ8c3Ryb25nPnN0xZllZGEgOC40LjIwMjYgOiBvZCA5LDAwIGRvIDE2LDAwIGhvZDwvc3Ryb25nPmxldmVsaW5uZXJCbG9ja3NjbGllbnRJZGlzVmFsaWRvcmlnaW5hbENvbnRlbnRuYW1lYXR0cmlidXRlc2NvbnRlbnQ8c3Ryb25nPsSNdHZydGVrIDkuNC4yMDI2IDogb2QgOSwwMCBkbyAxNiwwMCBob2Q8L3N0cm9uZz5sZXZlbGlubmVyQmxvY2tzY2xpZW50SWRpc1ZhbGlkb3JpZ2luYWxDb250ZW50bmFtZWF0dHJpYnV0ZXNjb250ZW50PHN0cm9uZz5ww6F0ZWsgMTAuNC4yMDI2IDogb2QgOSwwMCBkbyAxMiwwMCBob2Q8L3N0cm9uZz5sZXZlbGlubmVyQmxvY2tzY2xpZW50SWRpc1ZhbGlkb3JpZ2luYWxDb250ZW50bmFtZWF0dHJpYnV0ZXNjb250ZW50ZHJvcENhcGlubmVyQmxvY2tzc3RhdGVzYXZlZEF0c3RhdGVzYXZlZEJ5MDYwIGRvIDE2LDAwMDYwMDYwIGRvIDE2LDAwPHN0cm5nPm8wNjA8L3N0cm9uZz48c3Ryb2c+ZCA5LDAwIGRvIDE2LDAwIGhvPC9zdHJvbmc+NjAwPHN0cm5nPm8wNjBzdHJvbmc+PC88c3Ryb2c+ZCA5LDAwIGRvIDE2LDAwIGhvc3Ryb25nPjwvPHN0cmc+ZDksMDAgZCAxMiwwMCBob2Q8L3N0cm9uZz5vOSwwMDEsMC9yw61lbnByYWRkZGQFBwgECAQIBggFBggHlwK7A6kBBwEFQQC0AQcBBUEAtQECAQQBBUEAAwunAQJBAAulAQIBB0ELBy1BBwVBAwIBCkEGHAgHCAYIDggOCAtIAQQMCQgGCAcPBAoHBgsIBw8ECgcWCRQFCwgHDwQKBylFAAkLCAcPBAoHEAoHQQAGAw0FCwgHDwQKBw4KBwEHAw0FCwgHDwQKBw8JAgEEQQAFQQIDAQkFCwgHDwQKBxAJAgVBAAkFCwgHDwQKBw4JAgUCAQIBBgEJBQsIBw8ECgcGBwsIBw8ECgc2BQsIBw8ECgcqBQsIBw8ECgc3BQsIBw8ECgc4BQsIBw8ECgc3BQsIBw8ECkcACwUHBQdBAQlBAwpEAEEBCQUCEglBAUQAQQEHAgUCEgcCBAIBBgoJAQRBBAJBBRIBBAAAAQAAAAEGAAEBAACIAQE\/QgEBAEEAAEEAAgBBAAIAQQACAEEAAgBBAAIAQQACAEEAAgBBAAIAQQACAEEAAgBBAAIAQQACAEEAAgBBAAIAPkECCSkKQQEKQQEJQQIJBQkSARIDCRmNARsEAh+JAQYFGSRJAScSEAEGDAsPCgMNEgYFEwMbEwUEIhUMNkFdAZ8DAH0BdxMyMDE1LTAzLTMxVDE4OjI1OjI0dw1wcm92b3puaS1kb2JhdwdwdWJsaXNofQF9AHcGY2xvc2VkdwZjbG9zZWR3AHl3AHckM2FmZDdkZDEtZGMxYi00MjliLThmMjItNjdmZWU2YmIzNGI0eHc6PGRpdiBjbGFzcz0id3AtYmxvY2stZ3JvdXAiPgoKCgoKCgoKCgoKCgoKCgoKCgoKCgoKCjwvZGl2PncKY29yZS9ncm91cHcDZGl2dgEEdHlwZXcLY29uc3RyYWluZWR3JGZiOGYwNjY2LWUxOWEtNGJiOC05ZDcyLWVmNzhmOTEzNjJmYXh3VzxoMiBjbGFzcz0id3AtYmxvY2staGVhZGluZyI+PHN0cm9uZz5Qcm92b3puw60gZG9iYSBCxZllemVuIC8gRHViZW4gMjAyNjo8L3N0cm9uZz48L2gyPncMY29yZS9oZWFkaW5nfQJ3JGFhMDdjZTM0LWZlOGEtNGEyYS1hNjg1LWEzMjhkOWQwZWUzMXh3fzxoMiBjbGFzcz0id3AtYmxvY2staGVhZGluZyBoYXMtdml2aWQtcmVkLWNvbG9yIGhhcy10ZXh0LWNvbG9yIGhhcy1saW5rLWNvbG9yIj4yLjQuMjAyNiBhxb4gNy40LjIwMjYgemF2xZllbm8gLSB2ZWxpa29ub2NlPC9oMj53DGNvcmUvaGVhZGluZ30CdgEIZWxlbWVudHN2AQRsaW5rdgEFY29sb3J2AQR0ZXh0dxp2YXI6cHJlc2V0fGNvbG9yfHZpdmlkLXJlZHcJdml2aWQtcmVkdyQ3NjFkZmYzOS02M2RjLTQ3YjItOGYwNC0xMzg3N2E5M2U3ZmJ4d108aDMgY2xhc3M9IndwLWJsb2NrLWhlYWRpbmciPjxzdHJvbmc+cG9uZMSbbMOtIDMwLjMuMjAyNiA6IG9kIDksMzAgZG8gMTUsMzAgaG9kPC9zdHJvbmc+PC9oMz53DGNvcmUvaGVhZGluZ30DdyRjYTBkNTY3YS1jODY5LTQxOTgtOWZiNC1lMzNmNDFkYWU1NDh4d1s8aDMgY2xhc3M9IndwLWJsb2NrLWhlYWRpbmciPjxzdHJvbmc+w7p0ZXLDvSAzMS4zLjIwMjYgOiBvZCA5LDMwIGRvIDE1LDMwIGhvZDwvc3Ryb25nPjwvaDM+dwxjb3JlL2hlYWRpbmd9A3ckNzA3MDhiZTAtMTc2My00MTVlLWIwZTMtNWJiN2Q5OGZjM2Q2eHdaPGgzIGNsYXNzPSJ3cC1ibG9jay1oZWFkaW5nIj48c3Ryb25nPnN0xZllZGEgMS40LjIwMjYgOiBvZCA5LDMwIGRvIDE1LDMwIGhvZDwvc3Ryb25nPjwvaDM+dwxjb3JlL2hlYWRpbmd9A3ckNWVkNTY0NmQtOTY0Ny00ZmUyLTg5MDYtZmJlOWJjZjU5NTFleHdPPGgzIGNsYXNzPSJ3cC1ibG9jay1oZWFkaW5nIj48c3Ryb25nPsSNdHZydGVrIDIuNC4yMDI2IDogemF2xZllbm88L3N0cm9uZz48L2gzPncMY29yZS9oZWFkaW5nfQN3JGEzM2U0NzBiLWY1NWMtNGQyNy04NzZjLWNmMWI3MGU5N2FlNnh3WDxoMyBjbGFzcz0id3AtYmxvY2staGVhZGluZyI+PHN0cm9uZz5ww6F0ZWsgMy40LjIwMjYgOiB2ZWxpa29ub2NlIHphdsWZZW5vPC9zdHJvbmc+PC9oMz53DGNvcmUvaGVhZGluZ30DdyRkY2IwZjVkZi05YTRkLTQ2YTItYjQwZi01MTA3ZGQ2MjA2MDF4dw48cD52w61rZW5kPC9wPncOY29yZS9wYXJhZ3JhcGh5dyQwM2MyMGY2Ny1kZDgzLTQ0ZjgtODIzOC0xNTU2MjA0ZjFjY2N4d1s8aDMgY2xhc3M9IndwLWJsb2NrLWhlYWRpbmciPjxzdHJvbmc+cG9uZMSbbMOtIDYuNC4yMDI2IDogdmVsaWtvbm9jZSB6YXbFmWVubzwvc3Ryb25nPjwvaDM+dwxjb3JlL2hlYWRpbmd9A3ckY2U5MjY2YzYtODRkMC00YTk5LWFhN2MtYTA0MjBmOGIyZGFmeHdPPGgzIGNsYXNzPSJ3cC1ibG9jay1oZWFkaW5nIj48c3Ryb25nPsO6dGVyw70gNy40LjIwMjYgOiB6YXbFmWVubyA8L3N0cm9uZz48L2gzPncMY29yZS9oZWFkaW5nfQN3JDQwMzVlNTIwLTNlZTItNDgzMC1hYmYxLTIxYmJlZmM0MTgyZnh3WjxoMyBjbGFzcz0id3AtYmxvY2staGVhZGluZyI+PHN0cm9uZz5zdMWZZWRhIDguNC4yMDI2IDogb2QgOSwwMCBkbyAxNiwwMCBob2Q8L3N0cm9uZz48L2gzPncMY29yZS9oZWFkaW5nfQN3JDZiMGE2MzU3LWNkNDItNDFiZi1iNjgyLTE2OWIwNTk4MTYwY3h3WzxoMyBjbGFzcz0id3AtYmxvY2staGVhZGluZyI+PHN0cm9uZz7EjXR2cnRlayA5LjQuMjAyNiA6IG9kIDksMDAgZG8gMTYsMDAgaG9kPC9zdHJvbmc+PC9oMz53DGNvcmUvaGVhZGluZ30DdyQ5YTEzMzU3OS1mNDliLTQ1N2MtYTcwOS1hNTZhOWQ5OGExYzl4d1o8aDMgY2xhc3M9IndwLWJsb2NrLWhlYWRpbmciPjxzdHJvbmc+cMOhdGVrIDEwLjQuMjAyNiA6IG9kIDksMDAgZG8gMTIsMDAgaG9kPC9zdHJvbmc+PC9oMz53DGNvcmUvaGVhZGluZ30DdyQ3ZDJjYWFmNS1jZDYyLTQ4MWItODg3MS1lYWNhYmIzZDQxOTV4dwc8cD48L3A+dw5jb3JlL3BhcmFncmFwaHl7QnnXEybREAB9r9a89gR3JGY4ZTFiODFhLTUyNDAtNGNiZC05YWViLTA0ZGIyMmJiYmRjNnckM2JmMWNhOWYtNDE5OC00NGJlLWE0ODYtYjI5ZWI4NzI4NTA1dyQ3MzVjYWQwNS0xZDRlLTQzZTYtYjFjNy0yMjVlYzc5MDU5MTB3JDBiM2Q4OWI3LTdlMzAtNDFjYi05Y2VlLWZhNTNjNzY2M2IwZHckNDdiZmI2MDItZjdiMi00OWViLWE1MDAtN2QxMTk5YjdjZmIydyQ2MDM2N2ZjOS1hMjg1LTQ1MDMtOGE1ZS0xYmZhMDk3Y2Q5Mjl3JGUzNDBhOTRiLTJhMjItNGMyOC04MGRkLTMzNWM4ZGYwMTdmMHckNmMxODNjYzgtMjYyZi00Y2U1LWFmNjctM2YzYWI0MTNlNjgzAa+rnrsCW6MBCPsBKGkJBwAGAAEAdQkHAAYAAQB2CAcABgABAAQAcggCBHIIAhEBAAcRAQIBCAEYAUwBGgEDAgEBHgFIAQUBBAgYLSMBCAEIAQgBJgERAQ8BAAEFAQsFCgEOAQkBAgEMARECBQEEChIBAgEaARIBBAEDASEBFAELHDULAAgAGwgXAAUoBQAVCQcAAQgQABMJBwoQABQIBwAGAAEABAAMABUIAgQOABMIAgQDAQEFG7sCBgABAA4A\",\"updateId\":193922877}","footnotes":""},"class_list":["post-7","page","type-page","status-publish","hentry"],"acf":[],"_links":{"self":[{"href":"https:\/\/www.mobilnisvetsro.cz\/home\/wp-json\/wp\/v2\/pages\/7","targetHints":{"allow":["GET"]}}],"collection":[{"href":"https:\/\/www.mobilnisvetsro.cz\/home\/wp-json\/wp\/v2\/pages"}],"about":[{"href":"https:\/\/www.mobilnisvetsro.cz\/home\/wp-json\/wp\/v2\/types\/page"}],"author":[{"embeddable":true,"href":"https:\/\/www.mobilnisvetsro.cz\/home\/wp-json\/wp\/v2\/users\/1"}],"replies":[{"embeddable":true,"href":"https:\/\/www.mobilnisvetsro.cz\/home\/wp-json\/wp\/v2\/comments?post=7"}],"version-history":[{"count":473,"href":"https:\/\/www.mobilnisvetsro.cz\/home\/wp-json\/wp\/v2\/pages\/7\/revisions"}],"predecessor-version":[{"id":11740,"href":"https:\/\/www.mobilnisvetsro.cz\/home\/wp-json\/wp\/v2\/pages\/7\/revisions\/11740"}],"wp:attachment":[{"href":"https:\/\/www.mobilnisvetsro.cz\/home\/wp-json\/wp\/v2\/media?parent=7"}],"curies":[{"name":"wp","href":"https:\/\/api.w.org\/{rel}","templated":true}]}}